5 - -103)
45
What is (0 + 4 - (1 + 43)) + -1428 + 1420?
-48
What is the value of 11 + -147 - (7 + -27) - (-4 + -12 - -1)?
-101
What is -2 + -2 - (633 + -606 + -4 + -1)?
-26
Calculate (23 - (0 - 2)) + -2 + -45 + (17 - -33).
28
Evaluate -11 - (-13 + (57 + -68 - (70 + -2))).
81
Calculate 69 + (-77 - -41) + -19 + -1.
13
What is the value of -1 + -18 - (-362 - -355) - 37?
-49
What is the value of 2 + -5 - -63 - (2 - 30 - (55 - 72))?
71
-18 - ((164 - 142) + 3 + -96)
53
What is (10 - (20 - -1)) + -1 - (-39 + 5)?
22
-15 - (3 - (-8 - -14 - 2))
-14
Calculate 172 - 203 - (-9 + 33).
-55
-57 + 21 + -78 + -34 + 58
-90
(6 - (1 + 7)) + 8 - 0 - (-19 - -63)
-38
What is the value of 74 - (-1 + -14 - -27) - 23?
39
What is the value of 101 + 12 + (52 - 182)?
-17
What is the value of -19 + (-30 - -2 - (-199 - -185))?
-33
What is (-27 - (35 + -18 + -48)) + 67?
71
Calculate 6 + 23 + 2 + -43.
-12
Calculate ((21 - 41) + -87 - -10) + 8.
-89
What is the value of -4 - ((-58 - -66) + 10 + 0 - -5)?
-27
Calculate (70 - (15 + 114)) + -2 + 5 + 0.
-56
What is -6 - (2 - (0 + 3) - 2) - -6 - -65?
68
1 + 60 + 48 + -95
14
What is the value of 0 + -55 - (33 + -52 + 2 - (2 + -22))?
-58
Calculate (-44 - -42) + -56 - -23.
-35
Calculate -38 - 38 - (-99 - -92).
-69
What is 23 - (11 - 8) - 27 - (-1 + -7) - 2?
-1
Evaluate -67 + (0 - -7 - (12 + 2 - (52 - 42))).
-64
What is the value of (-1 - -109) + 2 + 3 + 7 + 22 + -31?
111
Calculate -18 - (-67 - ((-5 - -18) + -17)).
45
What is the value of (-2 - -2) + 14 - (-1078 - -1117)?
-25
What is the value of -2 + 32 + (-1 - 26) + (28 - 11)?
20
-29 + 89 + -64 - (-7 - (-2 + 0 - -2))
3
What is 72 - 2 - ((-4 - -2) + (-6 - (17 - 36)))?
59
What is -6 + (20 - (2 - (4 - 6 - -6)))?
16
Calculate 26 + 4 + -21 - (4 + 8 + 5) - -111.
103
-3 + 6 + 5 + 1 + -10 + -3
-4
What is 15 + -5 + 11 + (-56 - -116) + -51?
30
1 - (-7 + 40 + -13 - 7) - 2
-14
What is -848 - -813 - ((-1 - -2) + -2 - -11)?
-45
Calculate (-7 - (2 + -15 - (-6 + -16 + 26))) + 36.
46
Calculate -4 - (0 + -7) - (10 - 8) - (-8 + -34).
43
Evaluate -78 - -19 - (-8 + -2 + 7 + -4).
-52
What is the value of -1 + -10 - (-82 + -24)?
95
(54 - (-65 - -139) - (-32 + -3)) + -69
-54
-11 - -1 - (-8 + -15) - -35
48
(-53 - -16) + -87 + 23
-101
What is 6 - (7 - (1 - 5)) - (31 + -18 - -15)?
-33
Evaluate (54 - -19) + -63 + -38 + 2.
-26
-58 + 1 + (4 - (-12 + 3)) + -5
-49
What is the value of -3 - (-7 + 4) - ((98 - -51) + -50)?
-99
8 - (-60 + 21 + 37 - (-72 - 0))
-62
(-19 - (35 + -47 - (-1 + 2))) + 49
43
Calculate 36 - (-6 + 20 + (-11 + -7 - -5)).
35
What is the value of -57 + (-42 - (-157 + 55))?
3
What is the value of 11 + 1 + (1 - (-1 - -4)) - (-207 - -270)?
-53
Evaluate (-42 - 1 - (-167 - -164)) + -3 + 11.
-32
Calculate 34 - (20 - -5 - (22 - 13)).
18
What is the value of (61 + 45 - -28) + -65?
69
What is the value of (14 - (-10 - -7) - 4) + (-9 - -31 - 16)?
19
What is the value of 22 + 9 + -14 + -61?
-44
(-2 + -62 - (-3421 + 3387)) + 22 + -1
-9
-10 - 45 - (28 - 124)
41
What is (4 - -4 - 0 - (76 + 14)) + (11 - -1)?
-70
What is -41 + -3 + 40 + -41?
-45
What is 18 - (0 + 0) - (-11520 - -11597)?
-59
What is 19 + 8 + 17 + -29 + -12?
3
19 + -7 + 47 + -34 + 22
47
Calculate -1 + (38 + -29 - -2 - 36).
-26
((-14 - -15) + 17 - (-9 - -1)) + 7 + -2
31
Evaluate 5 + 5 + -14 - (-2 + -7 + 2 + 1).
2
What is the value of 27 - -12 - (3 + -5 + 11)?
30
Calculate 22 + (-151 + 86 - 20).
-63
Calculate -68 + 33 - (-45 - 26).
36
What is the value of (-127 - (-62 - (13 + -19))) + 1 + 1?
-69
What is the value of (23 - (-3 - -22)) + -14 - 13?
-23
What is the value of -486 - -380 - (2 + -71)?
-37
Evaluate -2500 + 2493 + (0 - -72).
65
Evaluate 6 - ((9 - -1) + (25 - 29) - 17).
17
Evaluate 1 + -3 + -23 + -20 + 14.
-31
What is 14 + -13 + (8 - 17) + 8 + -4?
-4
What is 104 + -11 + -19 + -173?
-99
Calculate (-2 - 0) + 1 + 1 + -7533 + 7526 + -38.
-45
Calculate (80 - 32 - 40 - (1 - -11) - 6) + 76.
66
Evaluate -8 + (23 - (13 + 10)).
-8
(0 + (-23 - (15 - (-7 + 11))) - 1) + 8
-27
Evaluate 49 - (3 + -2 + (-132 - -135) + -1 + -14).
60
What is the value of 3 - -65 - (-10 + 22) - 34?
22
Calculate -53 + (-46 - (-67 - 3)).
-29
Calculate 12 - 21 - 21 - (-1 - 22).
-7
Calculate 21 - (-8 - (4 - 10)).
23
2835 + -2883 + (19 - 2)
-31
Evaluate 62 - (-66 + 92 + -9).
45
What is the value of -2 + -46 - (2 + -14 - (-163 - -141))?
-58
What is (379 - (334 - 99)) + (-1 + 1 - 14)?
130
Calculate 10 + 1 + 17 + -7 - -18.
39
What is 20 + -85 + 25 + 49?
9
What is the value of 8 - (-333 + 319 - (-22 - -1) - (-3 + 0))?
-2
What is the value of -21 - (32 + 3 + 31 + -28)?
-59
What is 1008 - 969 - (9 + -6 - 5)?
41
What is -5 + -27 - 1 - -50?
17
-2 - 0 - (0 + (4 - (18 + -19)))
-7
8 + 34 + -8 - -19
53
Evaluate (-19 + 98 - 26) + 33.
86
Evaluate 215 - (136 - (58 - 43)).
94
What is the value of 3 - -4 - (-6 - (14 - (22 - 13)))?
18
What is the value of -3 - -2 - 69 - (-245 - -265)?
-90
(40 - 17 - (6 + 6)) + -2 + -18
-9
What is (12 - ((-2 - -4) + -3)) + 1907 + -1913?
7
Calculate (-11 - 182) + (47 - (-21 + 18)).
-143
(1 - 1) + (13 - 1) + (-128 + 141 - 14)
11
What is -138 + 121 + -4 - (-3 - -14)?
-32
What is the value of -1 - -9 - (43 - (30 - 4)) - 62?
-71
Calculate -77 + 215 + -174 - (5 + -1).
-40
Evaluate -62 - (2 + -16 + (-5 - ((22 - 7) + -23))).
-51
What is the value of (180 - 156) + 5 + (0 - -2) + -5?
26
What is the value of -2543 - -2564 - (17 + -1)?
5
-5 - -12 - (-20 - (-19 - 7))
1
What is the value of 7 - 0 - (9 - (14 - (-27 - -31)))?
8
Calculate (-294 - -377) + (-1 + -1 - 2) + -101 + 103.
81
What is the value of -24 + (27 - -7) + (4 - (-4 + 5 + -58))?
71
Evaluate 86 - ((1 - 35) + (655 - 636)).
101
Calculate (348 + -350 - (1 - (5 - 0))) + (-10 - -3).
-5
Calculate 0 + 22 + (-303 - (-66 - 112)).
-103
Calculate 7 - (-112 - (-3 + -90)).
26
Evaluate 8 + (-7 - (14 - 8)) + -14 + 16 + 98.
95
Calculate -11 - (-126 - -22 - -59).
34
Evaluate 0 + -21 + (88 + -90 - -16) - (-2 + -112).
107
Calculate -9 + (-39 - (-76 + 50)).
-22
What is 13 + -45 - -18 - -11 - -8?
5
Calculate -164 + 237 - (199 + -28).
-98
Evaluate 46 + -64 - (1 - (-30 - 18)).
-67
Evaluate 0 - -54 - (-5834 - -5947).
-59
Calculate 17 - (-20 + 30 - -117) - (8 + -25).
-93
Calculate 22 + -30 + -14 - -27 - (-2 + 1 - 26).
32
21 + (10 + -39 - -7) + 27
26
What is the value of (-17 + 26 - -64) + -116?
-43
Calculate (8 + -46 - 4) + -13.
-55
Evaluate 22 - (-37 - -16 - -33 - -92).
-82
What is the value of -49 + 26 + 185 + -87?
75
What is the value of -47 - (-71 - (-69 + -66))?
-111
What is 111 + (-11 - (14 + 14 + -22)) + -16?
78
-99 + -2 - (3983 + -3983)
-101
What is (-5 - 8) + (19 - 37) + 47?
16
(-60 - (56 - 89)) + -27 + -1
-55
(29 - (8 - -7)) + -9 + (6 - -1) + -1
11
16 + (3 - (146 - 37))
-90
Calculate 38 - (6 - (-35 + 69 - 15)).
51
What is the value of (-31 - -15 - -2) + 6 - -69?
61
What is 72 + (50 - 65 - 33)?
24
-66 + 150 + -164 + 69
-11
Evaluate 19 - ((240 - 188) + (-11 - 0)).
-22
Evaluate 42 - 58 - (21 + 1).
-38
Calculate 1 + -2 - (-14 + (2 - -6) + -1) - 29.
-23
What is (12 - 0) + 3400 + -3406?
6
Calculate -280 + 152 + -94 - -136.
-86
Evaluate -41 + (-43 - (51 - 139)).
4
What is the value of -365 + 443 + (51 - 15)?
114
What is 2 + 1 - (4 - (-20 + 18 - -8) - -51)?
-46
Calculate (-12 - (8 - (1 - 1 - -8))) + 2.
-10
Calculate 4781 - 4779 - (-48 - -2 - -4).
44
Calculate -21 + 25 + 2 + -2.
4
What is the value of (2752 - 2706) + 1 + 3 + 1 + -2?
49
Calculate (-42 + -20 - 6) + -6 + 14.
-60
120 + (24 - 41) + -8 - 7
88
What is the value of -7281 + 7304 + 1 + 2?
26
What is the value of 11 + 6 + 8 + -14 - (11 - 13)?
13
What is -7 - 5 - -67 - (-10 - -17)?
48
0 + -29 - ((-121 + 60 - -14) + 30)
-12
What is the value of -5 + (-23 - 10) + 54 + -70?
-54
(5 + 0 + -23 + 11 - -1) + 18
12
Calculate 56 + (-69 - -50) + -105.
-68
Calculate 20 + -1 + (199 - 181).
37
Calculate 111 - (17 + (14 - (16 + -10 + 16)) - 11).
113
Evaluate (-5 - 4) + (4 - -3) + (-5 - -6) + 4.
3
What is the value of ((16 - 23) + 9 - (-13 - (7 - 3))) + -2?
17
What is the value of (-62 + 0 - 19) + 80?
-1
Evaluate -175 + 108 + -19 - -84.
-2
What is the value of (-19 + 35 - 14 - 12) + 15?
5
What is -153 - (-319 + 163) - (-2 + 3 - (-1 - 75))?
-74
What is the value of 1 + 14 + (-8 + 17 - 8)?
16
Calculate -5 + (0 - (6 + -65)) + 35 + -19.
70
-58 + 129 + -47 + 39
63
Calculate (-55 - 1) + 4028 + -4000 + (-1 - 40